-o + 7 - z + 1. Determine k(-5).
8
Let n(z) be the third derivative of 0 + 0*z - 2/15*z**5 - 1/120*z**6 - 1/4*z**4 - 2/3*z**3 - 6*z**2. Give n(-7).
-11
Let i(d) = -6*d + 8. Let f(b) = 2*b - b + 9 - 4*b - 2*b. Let j(o) = -5*f(o) + 4*i(o). Calculate j(9).
-4
Let h be -30*6/(-18) - 4. Let n(x) be the second derivative of x**5/20 - x**4/2 - x**3/3 + 3*x**2 - 4*x. What is n(h)?
-6
Let m(g) = -g**3 - 1. Let k(l) = -2*l**3 - 2*l**2 + 2*l - 5. Let d(b) = k(b) - 4*m(b). Let f = -3 - -8. Suppose -1 = -6*p + f. Give d(p).
1
Suppose -2439 = 4*l - 2471. Let i(c) = -2*c**3 + 16*c**2 - 6. Give i(l).
-6
Let b(z) be the first derivative of -z**4/4 + 7*z**3/3 - 3*z**2/2 + 5*z + 123. Determine b(7).
-16
Let l(x) = 4*x - 8*x - 108 + 34 + 34 + 36. What is l(-4)?
12
Suppose -10*t + 319 - 449 = 0. Let q(j) = j**2 + 15*j + 17. Give q(t).
-9
Let b(f) be the second derivative of -f**3/3 - f**2 + 2*f - 1. What is b(-5)?
8
Let x(v) = -v**2 + 45*v - 479. Let w be x(28). Let b(g) = -2*g**2 + 6*g + 1. Determine b(w).
-35
Let w(b) = 3*b - 8. Let f be 186/(-66) + -3 + (-2)/11. What is w(f)?
-26
Let m be 2/(-3)*24/(-2). Let h(a) = 9*a**2 + 17*a - 6. Let f(b) = -3*b**2 - 6*b + 2. Let l = -1041 + 1044. Let p(r) = l*h(r) + m*f(r). Give p(2).
16
Let y(d) be the first derivative of 2*d**3/3 - 9*d**2/2 + 5*d + 76. Give y(6).
23
Suppose 25 = -5*u, 42*g - 5*u = 37*g + 40. Let d(x) = -2*x**2 + 10. Calculate d(g).
-8
Suppose 7 - 1 = 3*y. Suppose 0 = -0*t + t. Let d(r) = -11*r + r - y*r + t*r. Determine d(-1).
12
Let i(p) = p**3 - 2*p**2 - 2. Let n be i(3). Let v(t) = -t**2 + 6*t - 8. What is v(n)?
-15
Let v(f) be the first derivative of -f**3/3 - 7*f**2/2 + 9*f + 1. Suppose -2*o - 2*b + 26 = 3*o, 3*o = b + 20. Suppose 0 = -2*g - o - 10. Give v(g).
1
Let p(f) = -f**3 + 17*f**2 - 17*f + 12. Let s be p(16). Let o(a) = 595 + 4*a + 2*a + a**2 - a - 591. Calculate o(s).
0
Let r(y) be the third derivative of y**5/60 - y**4/8 - 2*y**3/3 - 114*y**2. Let t(q) = q - 4. Let w be t(4). Let s(p) = p + 3. Let l be s(w). What is r(l)?
-4
Let h(s) = -5*s**3 + 9*s**2 - 7*s - 4. Let n(k) = -11*k**3 + 18*k**2 - 16*k - 7. Let t(j) = -9*h(j) + 4*n(j). Give t(9).
-1
Let b(i) = 5 + 7*i**3 - 13*i**2 + 8*i**2 - 4*i**3 - 1 + 3*i - 2*i**3. Give b(3).
-5
Let v(t) = 1 + 0 - 2*t - 7*t**2 + 4*t**2. Let i(l) = l**2 - l - 2. Suppose 2*h = 5*m - 2, 3 = 5*m - 0*h - 3*h. Let k be i(m). Give v(k).
-7
Suppose -z - k = -6*z + 10, 3*k + 2 = z. Suppose -12 = -3*x + 3. Suppose -x = -z*h - 3*h. Let d(q) = -2*q**3 + q - 1. What is d(h)?
-2
Let h(p) = -7 + 22*p - 12*p - 6*p. Determine h(5).
13
Let w(o) = -5*o - 5*o + 14*o - 1 + o**2. Give w(-5).
4
Let s(i) = 0*i + 1 - 4*i + 0 + 2*i. Let r be s(1). Let d(o) = 11*o + 256 - 256. Calculate d(r).
-11
Let l(w) = w**3 - 6*w**2 - 1. Let y be l(6). Let o(m) = 53 - 25 + 0*m - 27 + 6*m + 4*m. What is o(y)?
-9
Let i(o) = 17*o - 6. Let j(w) = -1. Let z(f) = -i(f) + 5*j(f). What is z(-1)?
18
Let v = 123 + -120. Let i(s) be the second derivative of 0 - 3*s - 1/12*s**4 - 3*s**2 - s**v. Calculate i(-6).
-6
Let d(i) be the third derivative of 1/24*i**4 + 0*i + 5/6*i**3 + 0 - 5*i**2. Determine d(5).
10
Let d(l) = l**3 + l - 6. Let i(s) be the first derivative of s**2/2 + 5*s - 5. Let t be i(-5). What is d(t)?
-6
Let a(b) = 9*b - 91. Let t be a(10). Let k(y) = -8*y**3 - 3*y**2 - 1. Let c(l) = -l**3 - l**2. Let v(r) = -5*c(r) + k(r). Determine v(t).
4
Let j(t) = -6*t - 30. Suppose -38 = w - 32. Let f be j(w). Let g(s) = -2*s - 1 + 3*s + 0. What is g(f)?
5
Suppose 11*p - 4*a = 6*p - 43, 5*p - 5*a + 40 = 0. Let n(w) = 2*w + 23. Give n(p).
1
Let o(p) = 2 - 2 - 382*p + 383*p + 4. Determine o(0).
4
Let u(b) = b**3 - 5*b**2 + 2*b + 5. Let t(y) = y + 2. Let s be t(1). Suppose -s*h = -13 + 1. Suppose -24 = h*m - 10*m. Give u(m).
-3
Let v(t) = t**3 - 4*t**2 + t - 3. Suppose 23 = 5*p - 52. Let w be (-12)/(-18) + p*(-6)/(-27). What is v(w)?
1
Let q(v) = -v - 3*v**2 + 9 - 21 + 13 - v. Suppose p - 8 = 5*p. Let k = p - -3. What is q(k)?
-4
Let q(n) be the third derivative of n**5/20 - n**4/24 + n**3/3 + 194*n**2. Give q(-3).
32
Let t(x) = -x - 12. Suppose -2*d - 14 = -136. Suppose -6*b + d = -5. Suppose -5*g - 4*c = 19, g = 2*g - c + b. What is t(g)?
-5
Let d(j) be the third derivative of -j**4/8 + 11*j**3/6 + 38*j**2. What is d(10)?
-19
Let d = -115 + 128. Let s(h) = h**2 - 14*h + 12. What is s(d)?
-1
Let n(d) = -d**3 - 9*d**2 + 12*d + 18. Let j be n(-10). Let w(t) = 3*t - 4. Calculate w(j).
-10
Let w(j) = -8*j + 1. Suppose 73 = 2*t + 307. Let q be 4/(-26) + (-33)/t*-3. Calculate w(q).
9
Let s(q) = -q**3 - q + 1. Let v(n) be the second derivative of 4*n + 1/2*n**3 + 0 + 4*n**2 - 1/5*n**5 + 5/12*n**4. Let i(w) = 3*s(w) - v(w). Calculate i(6).
-5
Let n(p) = -14805 - 3*p + 4*p**2 + 14804 + 4*p. What is n(2)?
17
Suppose -5*j + 7*j = 186. Suppose 0*k = -5*w + k + 155, 3*w + k = j. Let n = w + -34. Let x(s) = s - 4. Give x(n).
-7
Let r(w) be the third derivative of w**6/120 - w**5/30 + 7*w**4/24 + w**2. Let b(g) be the second derivative of r(g). Suppose -3*f = -0*f - 9. What is b(f)?
14
Suppose 3*y - y - 5 = -5*c, 0 = -4*y. Let s = -4 + c. Let j(v) = -8*v - 1. Let m(l) = l. Let r(x) = -3*j(x) - 21*m(x). Give r(s).
-6
Let t(b) = 6 + 90*b - 2 - 30*b - 33*b - 19*b - b**2. Determine t(9).
-5
Let t(q) be the first derivative of -3*q - 4 - 5/4*q**4 - 5*q**3 - 17/2*q**2. Let v(f) = -2*f**3 - 7*f**2 - 8*f - 1. Let c(w) = 3*t(w) - 7*v(w). What is c(5)?
-2
Let t(w) = w - 6. Let z be t(5). Let a(q) = 6*q**2 - 9*q - 6. Let k(x) = x**2 - x - 1. Let p(i) = z*a(i) + 5*k(i). Calculate p(3).
4
Let a(u) = 4*u**2 - 42*u - 2*u**3 - u**2 + u**3 + 40*u. Determine a(2).
0
Let w(m) = -2*m + 4. Let x(i) = -i**2 + 10*i - 16. Suppose -v + 3*v - 40 = 0. Let c be 12/36 - v/(-3). Let j be x(c). Give w(j).
-6
Let c(d) = -d**2 - 15*d - 48. Let r be c(-5). Let o(i) = 38*i - 2. Calculate o(r).
74
Suppose 0 = 4*b + v - 6*v + 9, 3*b = -3*v. Let w(p) = 24*p. Give w(b).
-24
Let g(l) = 6*l**2 - 4*l + 2. Suppose 3*j = -j - 3*r - 1, -4*r - 4 = 4*j. Calculate g(j).
18
Let d(y) be the third derivative of y**7/5040 + y**6/180 - y**5/2 - 12*y**2. Let o(v) be the third derivative of d(v). Calculate o(-4).
0
Suppose -3*w = o - 1, -2*w + 7*o - 2*o + 29 = 0. Suppose 3*n + x + 2 = 0, 0*n + 2*n + x = -w. Let b(r) = -r**2 - r - 2. Determine b(n).
-2
Let c(l) = -l**2 - 5*l. Suppose 9 + 17 = -2*y. Let x = -13 - y. Suppose 7*p - 2*p + 30 = x. Calculate c(p).
-6
Let w(d) = -18*d**3 - 14*d**2 + 11*d - 24. Let j(s) = -6*s**3 - 5*s**2 + 4*s - 9. Let k(h) = 8*j(h) - 3*w(h). Calculate k(1).
7
Let i(z) be the second derivative of z**4/8 - z**3/3 - 11*z**2/2 + 3*z. Let g(o) be the first derivative of i(o). Determine g(-2).
-8
Let u(r) = 27*r**2 + r. Let y be (-1)/(-1)*(1 - 15)/14. Determine u(y).
26
Let j(c) = -5*c**3 + 3*c**2 + 29*c - 19. Let u(a) = 3*a**3 - 2*a**2 - 18*a + 13. Let p(b) = -5*j(b) - 8*u(b). What is p(0)?
-9
Let m(t) = 19*t**3 + 8*t**2 + 7*t + 3. Let u(j) = 8*j**3 + 4*j**2 + 3*j + 2. Let d(a) = 3*m(a) - 7*u(a). Give d(4).
-5
Let w(o) = 57*o**3 + 14*o**2 - 7. Let m(q) = 27*q**3 + 6*q**2 - 3. Let k(p) = 9*m(p) - 4*w(p). Calculate k(1).
14
Let i(s) = 3*s - 9. Let o(q) = -6*q + 17. Let y(h) = 7*i(h) + 4*o(h). Let t be 3 - (18 - 15 - (3 - -1)). Give y(t).
-7
Let z(q) be the second derivative of -q**4/3 + 2*q**3/3 - 3*q**2/2 - 196*q. Give z(3).
-27
Let f be 4*((-22)/(-4))/(-11). Let o be (f + -2)*(-1)/4. Let w(q) = -1 - 2*q + 0*q + 3*q. Calculate w(o).
0
Let f(l) be the second derivative of l**5/60 - l**4/3 - l**3/3 + 5*l**2/2 - 9*l. Let i(h) be the first derivative of f(h). Calculate i(7).
-9
Suppose 3*s + 4 = 5*x, 8 + 5 = -x - 4*s. Let r(i) = -i**3 + 7*i**2 - 3*i. Let m(d) = -d**3 - 5*d**2 + 2*d. Let q(w) = 3*m(w) + 2*r(w). Calculate q(x).
4
Let t(a) = -6*a - 1. Let j(u) = -u**2 + 9*u - 11. Let w be j(5). Suppose -w*g + 0 + 9 = 0. Determine t(g).
-7
Let w = 602 - 3611/6. Let i(o) be the second derivative of -o**2 + 0 - w*o**3 + 4*o. What is i(3)?
-5
Suppose 3*k = -0*k - 4*u + 16, u - 4 = 2*k. Let w(x) = -2*x**2 - x + 2. Give w(k).
2
Let r(t) be the second derivative of t**4/4 + t**3/6 + 5*t**2 + 711*t. Give r(0).
10
Let t(v) = 4*v**3 + 5*v**2 - 9*v - 2. Let n(h) = -h**3 + h. Let a(f) = 3*n(f) + t(f). Calculate a(-6).
-2
Let p(b) = b**2 - 5*b. Suppose -4*l - d - 2*d 